 remainder when j(-92) is divided by q.
5
Suppose -3*n - 143 = -2*v, -2*v - 3*n = -5*v + 216. Suppose 3*g - v = a - 2*a, -4*g - 4*a + 84 = 0. What is the remainder when 102 is divided by g?
24
Let s = 323 + -304. Suppose 4*u - 274 = -5*f - 7, 3*u = 5*f - 281. Calculate the remainder when f is divided by s.
17
Let t be 4/2*((-3128)/(-16) + -4). Suppose 0 = -21*l + 415 + t. What is the remainder when l is divided by 23?
15
Let y = -32 + 35. Suppose 6*t - t - 22 = -s, -15 = -y*t. Let k(g) = -2*g**3 - g**2 + 2*g - 5. What is the remainder when 101 is divided by k(s)?
33
Let d(j) = -31*j - 6. Let l(p) = -59*p - 11. Let o(y) = 7*d(y) - 4*l(y). Let a be 0 - (-1*2 - 0). What is the remainder when o(a) is divided by 11?
7
Suppose 5*d = 7*i - 48743, -5*d - 270 = -275. What is the remainder when i is divided by 27?
25
Let m = 238 + -202. What is the remainder when 103 is divided by m?
31
Let s be 3 + -1 + -7 + (11 - -3). Let q = 30 + s. What is the remainder when q is divided by 8?
7
Calculate the remainder when ((-242)/55)/(12/(-150)) is divided by 10.
5
Let n(o) = o**3 - 3*o**2 + 5*o + 43. What is the remainder when n(13) is divided by 35?
13
Let a(b) = 11*b + 34. Let m be a(7). Let x = -108 + m. What is the remainder when 43 is divided by x?
1
Suppose 246 + 6519 + 2265 = 129*h. Calculate the remainder when 75 is divided by h.
5
Suppose -5*y = -25, 3*k - 171 = 2*y + y. What is the remainder when (-27)/3 + (34713/(-9))/(-19) is divided by k?
8
Let j(b) = 53*b - 95. Let s be j(2). Suppose 15*x + 4*w - 932 = s*x, 4*x = -3*w + 930. Calculate the remainder when x is divided by 114.
3
Suppose -2*q - 17 = -5*h, -24 + 6 = -2*h - 2*q. Suppose h*m - 101 = -2*p, 5*p - 206 - 58 = -m. What is the remainder when 104 is divided by p?
51
Let a(f) = -12*f**3 + 2*f + 1. Let d = 88 + -83. Suppose 2*z + 2 = i, 3*z - d*z + 4*i = 2. What is the remainder when a(z) is divided by 3?
2
Let v(k) = -k**2 - 13*k + 620. Calculate the remainder when 163 is divided by v(-32).
7
What is the remainder when 255 is divided by (-620)/(-4)*((-1)/5)/((-9)/45)?
100
Let n(s) = s**3 + 14*s**2 + 38*s - 18. Let i be n(-10). Suppose 4*l + 5*m - 45 - 54 = 0, -30 = -i*l + 4*m. What is the remainder when 144 is divided by l?
18
Suppose -161 = 236*h - 243*h. Suppose -40*n + h*n = -578. Calculate the remainder when n is divided by 8.
2
Let p(a) = 128*a**2 - 6*a - 14. Calculate the remainder when p(6) is divided by 114.
112
Let i = -4821 - -5027. Calculate the remainder when i is divided by 137.
69
Suppose 12*u + 21 = 14*u - f, -2*f + 42 = 3*u. Suppose l - 3*l = -4*n - 68, 2*l - 92 = -2*n. Let q = l - u. What is the remainder when 57 is divided by q?
27
Suppose -19*r = -15*r - 12. Suppose h - u = 9, -2*h = r*u - 13 - 0. Suppose -h + 281 = 3*i. Calculate the remainder when i is divided by 31.
29
Suppose -84*i + 1568 = -5662 - 3690. What is the remainder when 246 is divided by i?
116
Let t = 450 + -450. Suppose 31*g - 945 - 140 = t. What is the remainder when 220 is divided by g?
10
Let i = 2250 + -2225. Let d = 1 + 2. Suppose 5*g = 3*z - 6, g - 40 = -4*z - d*g. Calculate the remainder when i is divided by z.
4
Suppose 3*q = -q + 4. Suppose 107 = 5*h + 11*x + 10, -2*h + 2*x + 90 = 0. What is the remainder when 105 - (q + -1 + 2) is divided by h?
29
Let h(k) = k**3 + 10*k**2 - 11*k + 11. Let g = 58 - -21. Suppose -9*z - 20 = g. What is the remainder when h(z) is divided by 4?
3
Let z(i) = -i**2 + 8*i + 10. Let l be z(-10). Let y = -86 - l. Calculate the remainder when 250 is divided by y.
82
Calculate the remainder when 5 - (-1 + -4 + -36) is divided by (51 + 0)*(-2)/(-6).
12
Suppose 3175 + 785 = -18*p. Let u = 268 + p. What is the remainder when 178 is divided by u?
34
Let s(g) = 13*g**2 + 37*g - 276. Let d(u) = 7*u**2 + 18*u - 137. Let m(b) = 11*d(b) - 6*s(b). Calculate the remainder when 26 is divided by m(-29).
2
Let d = -20799 - -34517. Calculate the remainder when d is divided by 51.
50
Suppose 66*o + 37092 = 203*o + 425*o. Calculate the remainder when 466 is divided by o.
4
Suppose -257*p = -291*p + 2856. What is the remainder when 234 is divided by p?
66
Let o = -3412 - -3746. Calculate the remainder when o is divided by 68.
62
Calculate the remainder when (-30580)/(-100) - (10/(-25))/2 is divided by 11.
9
Let x(l) = 3 - 2 + 4*l**2 - 8. Let n(f) = -3*f**2 + 136*f - 33. Calculate the remainder when x(5) is divided by n(45).
9
Let t = -29377 - -29873. Calculate the remainder when t is divided by 312.
184
What is the remainder when 1468 is divided by (-280)/(-84)*(2 + 43/1)?
118
Suppose -2*u + g + 680 = 0, -3*u = 17*g - 22*g - 1034. What is the remainder when u is divided by 69?
62
Suppose -4*o + 100 = -0. What is the remainder when 1356*15*(-24)/(-4320) is divided by o?
13
Let v = 54 - 59. Let k = 16 + 1. What is the remainder when (v + 36)/((3/(-1))/(-3)) is divided by k?
14
Suppose 4*l = y - 17, -37*l = -4*y - 39*l + 32. Calculate the remainder when 4020 is divided by y.
6
Calculate the remainder when (-150)/525 + ((-2146)/(-14) - -2) is divided by 28.
15
Suppose 52 = -4*i + 4*q - 120, 4*i - 3*q = -171. Let f = -27 - i. What is the remainder when f is divided by 8?
7
Calculate the remainder when 6263 is divided by (-155136)/(-1344) + (-4)/(-7).
115
Suppose -2*q + 41 = 7*o, 2*o + 3*q - 25 + 6 = 0. What is the remainder when -5 + o - (6 + -4) - -719 is divided by 72?
69
Let q = -17 + 17. Suppose 0*w = -3*d - 2*w + 722, 5*d + 4*w - 1202 = q. What is the remainder when d is divided by 35?
32
Let h = -605 - -629. Let u = -209 + 297. Calculate the remainder when u is divided by h.
16
Suppose 18*u - 21*u = -85*u + 23780. Calculate the remainder when u is divided by 131.
28
Suppose -4*y = 12*y + 1184. Let u = 82 + y. What is the remainder when u is divided by 1?
0
Suppose 6*c + 43 + 77 = 0. Let g = -23 + 32. What is the remainder when (-512)/c - 6*1/10 is divided by g?
7
Suppose -4*f + 152 = -p, -f + 4*p + 23 = -0*f. Suppose -11*l + 73 = 2*m - 12*l, -5*m + 5*l = -190. Let q = f - m. What is the remainder when 4 is divided by q?
0
Let c be 2/(5/(-120)*3). What is the remainder when 5/(40/c) + 2*66 is divided by 70?
60
Let i = 522 + 116. Calculate the remainder when i is divided by 129.
122
Let i = -675 - -806. Suppose -9*g - i = -410. What is the remainder when 107 is divided by g?
14
Suppose -3*t - 2 = -20, 5*w - 2081 = 4*t. What is the remainder when w is divided by 72?
61
Suppose 131*k - 7611 - 8553 = 16324. What is the remainder when k is divided by 24?
8
Let f = -376 + 400. Calculate the remainder when 74 is divided by f.
2
Suppose -3*n = 9, -p + 4*p - 198 = 2*n. Suppose 0 = -3*f + 7*f - p. What is the remainder when 12 is divided by 50/f + (-1)/8?
0
Let k = -2390 - -1562. Let x = k + 850. What is the remainder when 373 is divided by x?
21
Let g(j) = -j**3 + 4*j**2 + 2*j + 4. Suppose 5*m - 32*m + 54 = 0. What is the remainder when 73*m - ((-18)/1)/(-6) is divided by g(4)?
11
Suppose -s - 2*i = -22, 5*s + i + 3*i = 110. Calculate the remainder when 1402/8 + 62/(-248) is divided by s.
21
Calculate the remainder when (-1)/((-49)/7 - 11080/(-1584)) is divided by 72.
54
Suppose v = 5*z + 181, 2*v = -2*z + 381 + 5. What is the remainder when v is divided by 11?
4
Let h(i) = -1 - 2*i**2 + 28*i - 31*i - 1 - 5*i**3 - 22*i**3. Let d be h(-1). Calculate the remainder when (d/6)/((-1)/(-6)) is divided by 17.
9
Suppose 0 = 81*n - 93*n + 2484. What is the remainder when 848 is divided by (-552)/n + 238/6?
34
Let n(d) = -2*d**2 + 76*d - 38. Let j be n(35). Let p = -128 + j. Calculate the remainder when 170 is divided by p.
38
Let x = -2621 - -2963. What is the remainder when x is divided by 159?
24
Let j(u) = 3*u**2 - 140*u + 14. Let t be j(41). Let q = 708 + t. What is the remainder when q is divided by 14?
11
Suppose 5*o - 5*u = -30, -2*u + 9 = 43*o - 44*o. Let n = -49 - -69. Calculate the remainder when (-1 - 1)/(o*40/7140) is divided by n.
19
Let k(c) = -3*c - 10. Let h be k(-6). Let q(y) = 7 + 2*y**2 + 2 + 13380*y - 13396*y. Calculate the remainder when 61 is divided by q(h).
7
Let w = 14797 + -10712. Calculate the remainder when w is divided by 73.
70
Let r(t) = 4*t**2 - 96*t - 990. Calculate the remainder when 596 is divided by r(-9).
2
Suppose 0 = -5*j + 2*g + 9883 - 3270, -2*g + 5276 = 4*j. What is th